at is the greatest common factor of 98 and 620816?
14
Calculate the greatest common factor of 13143396 and 3864.
1932
Calculate the greatest common divisor of 8980 and 4090.
10
What is the greatest common factor of 8032 and 6688?
32
Calculate the highest common divisor of 1036 and 10064.
148
What is the greatest common divisor of 327 and 55263?
327
What is the highest common divisor of 94 and 1180405?
47
What is the greatest common divisor of 40 and 1012616?
8
What is the highest common divisor of 2457 and 104?
13
What is the greatest common factor of 3498 and 179034?
318
What is the greatest common divisor of 15725 and 15096?
629
Calculate the highest common divisor of 54 and 108918.
54
What is the highest common divisor of 201396 and 780?
156
Calculate the highest common factor of 280 and 37912.
56
Calculate the highest common factor of 148720 and 10868.
572
What is the greatest common divisor of 32209 and 31?
31
What is the greatest common divisor of 105 and 99393?
21
What is the highest common factor of 1530 and 2178?
18
Calculate the greatest common divisor of 18 and 222507.
9
What is the greatest common divisor of 7897 and 35139?
53
Calculate the highest common divisor of 2415 and 21665.
35
Calculate the highest common divisor of 10448 and 496.
16
Calculate the highest common divisor of 35 and 602180.
5
What is the highest common divisor of 32 and 298784?
32
What is the greatest common factor of 60 and 20676?
12
What is the greatest common divisor of 299 and 1794?
299
What is the greatest common divisor of 8842277 and 19?
19
Calculate the greatest common factor of 66 and 3498.
66
What is the highest common factor of 4184526 and 174?
174
Calculate the greatest common divisor of 96591 and 561.
33
Calculate the greatest common factor of 3255 and 101220.
105
Calculate the greatest common divisor of 447 and 92231.
149
What is the greatest common divisor of 66 and 47487?
33
What is the greatest common factor of 14766 and 1498?
214
Calculate the greatest common factor of 67 and 1417.
1
What is the greatest common factor of 55 and 329428?
11
What is the highest common divisor of 103844 and 13?
13
What is the greatest common divisor of 1952 and 2656?
32
What is the highest common divisor of 171408 and 112?
16
What is the highest common factor of 6 and 110781?
3
Calculate the highest common factor of 812 and 20524.
28
Calculate the greatest common factor of 249564 and 84.
84
What is the highest common factor of 14 and 9244?
2
Calculate the highest common divisor of 72182 and 154.
22
What is the highest common factor of 196720 and 160?
80
Calculate the highest common divisor of 7594 and 192.
2
What is the greatest common divisor of 7332 and 7449?
39
Calculate the greatest common factor of 69 and 9683.
23
Calculate the highest common factor of 150 and 597.
3
Calculate the highest common factor of 34 and 124117.
17
What is the highest common factor of 1151028 and 72?
36
Calculate the greatest common factor of 72 and 7209.
9
What is the highest common factor of 4979 and 65?
13
What is the highest common divisor of 1713 and 435?
3
Calculate the highest common factor of 1290409 and 334.
167
Calculate the greatest common factor of 1789136 and 16.
16
Calculate the highest common divisor of 945 and 228515.
35
Calculate the highest common factor of 484739 and 86.
43
Calculate the highest common factor of 22102 and 4859.
43
Calculate the highest common factor of 48171 and 6.
3
What is the highest common factor of 37 and 7881?
37
What is the highest common factor of 65349 and 742?
53
Calculate the highest common factor of 2288 and 8481.
11
What is the greatest common divisor of 6355 and 341?
31
Calculate the greatest common divisor of 28 and 18494.
14
Calculate the highest common factor of 95608 and 666.
74
Calculate the highest common factor of 204 and 83912.
68
Calculate the greatest common factor of 93922 and 1208.
302
What is the highest common factor of 19140 and 120?
60
What is the greatest common divisor of 176 and 5093?
11
Calculate the greatest common factor of 30409 and 4529.
647
Calculate the highest common divisor of 6579 and 13124.
17
What is the highest common factor of 190 and 138130?
190
Calculate the greatest common divisor of 12 and 15852.
12
What is the greatest common divisor of 3328 and 7241?
13
Calculate the greatest common factor of 13002 and 814.
22
Calculate the highest common divisor of 1764 and 684.
36
Calculate the highest common factor of 22559 and 85.
17
What is the greatest common divisor of 533 and 12701?
13
What is the greatest common divisor of 33 and 6787?
11
What is the greatest common factor of 580 and 708140?
20
What is the highest common factor of 184620 and 17?
17
Calculate the greatest common factor of 39201 and 716.
179
Calculate the greatest common divisor of 49 and 120589.
49
What is the greatest common factor of 77 and 664972?
77
What is the highest common factor of 200 and 1240?
40
Calculate the greatest common factor of 6824052 and 1572.
1572
Calculate the greatest common factor of 29309 and 10017.
371
Calculate the highest common factor of 15417 and 675.
27
Calculate the greatest common divisor of 9 and 20358.
9
What is the highest common divisor of 1626 and 6?
6
Calculate the highest common divisor of 2746885 and 249.
83
What is the greatest common factor of 52 and 20836?
4
What is the greatest common divisor of 32 and 17224?
8
What is the greatest common factor of 636 and 165148?
212
Calculate the highest common factor of 141 and 373039.
47
Calculate the greatest common divisor of 5822801 and 111.
37
What is the greatest common factor of 279628 and 1696?
212
Calculate the greatest common factor of 54 and 5110074.
54
Calculate the highest common divisor of 332019 and 324.
81
Calculate the greatest common factor of 33798 and 13493.
131
Calculate the highest common divisor of 190308 and 216.
12
What is the highest common factor of 81492 and 240?
12
What is the greatest common divisor of 1075900 and 812?
812
Calculate the greatest common divisor of 628 and 5485894.
314
Calculate the greatest common divisor of 128304 and 15147.
891
What is the highest common divisor of 76793 and 41?
41
Calculate the highest common factor of 366 and 19947.
183
What is the highest common divisor of 876099 and 105?
21
What is the greatest common divisor of 119552 and 34048?
256
Calculate the greatest common divisor of 71330 and 490.
70
What is the greatest common factor of 130 and 8229?
13
Calculate the highest common divisor of 14339 and 13.
13
Calculate the highest common factor of 256 and 281024.
64
What is the highest common divisor of 43239 and 5112?
213
Calculate the greatest common factor of 3168 and 255552.
1056
What is the highest common factor of 60636 and 372?
372
What is the highest common divisor of 29295 and 756?
189
What is the greatest common divisor of 36 and 291816?
36
Calculate the highest common factor of 61 and 50691.
61
Calculate the greatest common factor of 2460500 and 665.
665
What is the greatest common divisor of 4427 and 950?
19
Calculate the highest common divisor of 326576 and 4.
4
What is the greatest common divisor of 2849630 and 70?
70
Calculate the highest common divisor of 5247 and 107910.
99
What is the greatest common factor of 10819 and 9772?
349
Calculate the greatest common divisor of 19 and 25441.
19
What is the greatest common divisor of 1550376 and 27?
9
Calculate the highest common factor of 34349 and 7.
7
Calculate the greatest common divisor of 1668 and 19321.
139
What is the greatest common divisor of 22446 and 8901?
387
What is the greatest common factor of 98 and 83356?
14
What is the highest common factor of 10953478 and 31?
31
What is the highest common factor of 2330991 and 117?
117
Calculate the greatest common factor of 2262 and 3306.
174
What is the greatest common divisor of 138 and 46874?
46
Calculate the greatest common divisor of 9 and 177453.
9
What is the greatest common factor of 277855 and 2745?
305
What is the greatest common divisor of 24 and 782472?
24
Calculate the greatest common divisor of 174 and 55448.
58
What is the highest common factor of 36 and 550764?
36
Calculate the highest common divisor of 5 and 69205.
5
Calculate the highest common divisor of 945 and